{"id":1244,"date":"2020-10-26T14:29:20","date_gmt":"2020-10-26T13:29:20","guid":{"rendered":"http:\/\/preenpail-saintjoseph.fr\/?page_id=1244"},"modified":"2024-01-23T08:52:05","modified_gmt":"2024-01-23T07:52:05","slug":"inscription","status":"publish","type":"page","link":"https:\/\/preenpail-saintjoseph.fr\/index.php\/notre-ecole\/inscription\/","title":{"rendered":"Inscription"},"content":{"rendered":"\n<p>Les inscriptions et arriv\u00e9es sont possibles tout au long de l&#8217;ann\u00e9e.<\/p>\n\n\n\n<p><strong>Dates \u00e0 retenir :<\/strong><\/p>\n\n\n\n<p>SAMEDI 3 FEVRIER 2024 de 9h30 \u00e0 12h : classe maternelle ouverte pour venir d\u00e9couvrir les locaux et rencontrer l&#8217;enseignant et l&#8217;ASEM. Pr\u00e9sence du chef d&#8217;\u00e9tablissement pour tous renseignements sur la scolarit\u00e9 jusqu&#8217;au CM2.<\/p>\n\n\n\n<p>VENDREDI 22 MARS 2024 de 16h \u00e0 18h30 : portes ouvertes. Les enfants pr\u00e9sentent leur \u00e9cole \u00e0 leurs familles et aux visiteurs.<\/p>\n\n\n\n<p>Vous souhaitez d\u00e9couvrir l&#8217;\u00e9cole, prenez contact au 02 43 03 04 55 ou par mail <strong>preenpail.ecole.stjoseph@ddec53.fr<\/strong><\/p>\n\n\n\n<p>L&#8217;\u00e9cole est obligatoire \u00e0 partir de 3 ans. Avant cet \u00e2ge, votre enfant peut entrer en maternelle \u00e0 tout moment de l&#8217;ann\u00e9e d\u00e8s lors qu&#8217;il a deux ans et qu&#8217;il est propre. <\/p>\n\n\n\n<p>Une matin\u00e9e de d\u00e9couverte de la maternelle est organis\u00e9e chaque ann\u00e9e en f\u00e9vrier. Les familles et les enfants peuvent venir \u00e0 la rencontre de l&#8217;enseignant, de l&#8217;ASEM et du chef d&#8217;\u00e9tablissement.<\/p>\n\n\n\n<figure class=\"wp-block-gallery has-nested-images columns-default is-cropped wp-block-gallery-1 is-layout-flex wp-block-gallery-is-layout-flex\">\n<figure class=\"wp-block-image size-large\"><a href=\"http:\/\/preenpail-saintjoseph.fr\/wp-content\/uploads\/20230204_110018-2-scaled.jpg\"><img loading=\"lazy\" decoding=\"async\" width=\"768\" height=\"1024\" data-id=\"2826\" src=\"http:\/\/preenpail-saintjoseph.fr\/wp-content\/uploads\/20230204_110018-2-768x1024.jpg\" alt=\"\" class=\"wp-image-2826\" srcset=\"https:\/\/preenpail-saintjoseph.fr\/wp-content\/uploads\/20230204_110018-2-768x1024.jpg 768w, https:\/\/preenpail-saintjoseph.fr\/wp-content\/uploads\/20230204_110018-2-225x300.jpg 225w, https:\/\/preenpail-saintjoseph.fr\/wp-content\/uploads\/20230204_110018-2-1152x1536.jpg 1152w, https:\/\/preenpail-saintjoseph.fr\/wp-content\/uploads\/20230204_110018-2-1536x2048.jpg 1536w, https:\/\/preenpail-saintjoseph.fr\/wp-content\/uploads\/20230204_110018-2-1568x2091.jpg 1568w, https:\/\/preenpail-saintjoseph.fr\/wp-content\/uploads\/20230204_110018-2-scaled.jpg 1920w\" sizes=\"auto, (max-width: 768px) 100vw, 768px\" \/><\/a><\/figure>\n\n\n\n<figure class=\"wp-block-image size-large\"><a href=\"http:\/\/preenpail-saintjoseph.fr\/wp-content\/uploads\/20230204_110103-1-scaled.jpg\"><img loading=\"lazy\" decoding=\"async\" width=\"1024\" height=\"768\" data-id=\"2827\" src=\"http:\/\/preenpail-saintjoseph.fr\/wp-content\/uploads\/20230204_110103-1-1024x768.jpg\" alt=\"\" class=\"wp-image-2827\" srcset=\"https:\/\/preenpail-saintjoseph.fr\/wp-content\/uploads\/20230204_110103-1-1024x768.jpg 1024w, https:\/\/preenpail-saintjoseph.fr\/wp-content\/uploads\/20230204_110103-1-300x225.jpg 300w, https:\/\/preenpail-saintjoseph.fr\/wp-content\/uploads\/20230204_110103-1-768x576.jpg 768w, https:\/\/preenpail-saintjoseph.fr\/wp-content\/uploads\/20230204_110103-1-1536x1152.jpg 1536w, https:\/\/preenpail-saintjoseph.fr\/wp-content\/uploads\/20230204_110103-1-2048x1536.jpg 2048w, https:\/\/preenpail-saintjoseph.fr\/wp-content\/uploads\/20230204_110103-1-1568x1176.jpg 1568w\" sizes=\"auto, (max-width: 1024px) 100vw, 1024px\" \/><\/a><\/figure>\n<\/figure>\n\n\n\n<p>Les portes ouvertes ont lieu un vendredi au mois de mars. A partir de 16 heures, les enfants font d\u00e9couvrir aux visiteurs ce qu&#8217;ils apprennent ou ont envie de partager. Les associations de l&#8217;\u00e9cole sont \u00e9galement pr\u00e9sentes.<\/p>\n\n\n\n<figure class=\"wp-block-gallery has-nested-images columns-default is-cropped wp-block-gallery-2 is-layout-flex wp-block-gallery-is-layout-flex\">\n<figure class=\"wp-block-image size-large\"><a href=\"http:\/\/preenpail-saintjoseph.fr\/wp-content\/uploads\/20230324_164315-scaled.jpg\"><img loading=\"lazy\" decoding=\"async\" width=\"1024\" height=\"768\" data-id=\"2829\" src=\"http:\/\/preenpail-saintjoseph.fr\/wp-content\/uploads\/20230324_164315-1024x768.jpg\" alt=\"\" class=\"wp-image-2829\" srcset=\"https:\/\/preenpail-saintjoseph.fr\/wp-content\/uploads\/20230324_164315-1024x768.jpg 1024w, https:\/\/preenpail-saintjoseph.fr\/wp-content\/uploads\/20230324_164315-300x225.jpg 300w, https:\/\/preenpail-saintjoseph.fr\/wp-content\/uploads\/20230324_164315-768x576.jpg 768w, https:\/\/preenpail-saintjoseph.fr\/wp-content\/uploads\/20230324_164315-1536x1152.jpg 1536w, https:\/\/preenpail-saintjoseph.fr\/wp-content\/uploads\/20230324_164315-2048x1536.jpg 2048w, https:\/\/preenpail-saintjoseph.fr\/wp-content\/uploads\/20230324_164315-1568x1176.jpg 1568w\" sizes=\"auto, (max-width: 1024px) 100vw, 1024px\" \/><\/a><\/figure>\n\n\n\n<figure class=\"wp-block-image size-large\"><a href=\"http:\/\/preenpail-saintjoseph.fr\/wp-content\/uploads\/IMG_20230324_163032-1-scaled.jpg\"><img loading=\"lazy\" decoding=\"async\" width=\"766\" height=\"1024\" data-id=\"2831\" src=\"http:\/\/preenpail-saintjoseph.fr\/wp-content\/uploads\/IMG_20230324_163032-1-766x1024.jpg\" alt=\"\" class=\"wp-image-2831\" srcset=\"https:\/\/preenpail-saintjoseph.fr\/wp-content\/uploads\/IMG_20230324_163032-1-766x1024.jpg 766w, https:\/\/preenpail-saintjoseph.fr\/wp-content\/uploads\/IMG_20230324_163032-1-224x300.jpg 224w, https:\/\/preenpail-saintjoseph.fr\/wp-content\/uploads\/IMG_20230324_163032-1-768x1026.jpg 768w, https:\/\/preenpail-saintjoseph.fr\/wp-content\/uploads\/IMG_20230324_163032-1-1149x1536.jpg 1149w, https:\/\/preenpail-saintjoseph.fr\/wp-content\/uploads\/IMG_20230324_163032-1-1532x2048.jpg 1532w, https:\/\/preenpail-saintjoseph.fr\/wp-content\/uploads\/IMG_20230324_163032-1-1568x2095.jpg 1568w, https:\/\/preenpail-saintjoseph.fr\/wp-content\/uploads\/IMG_20230324_163032-1-scaled.jpg 1916w\" sizes=\"auto, (max-width: 766px) 100vw, 766px\" \/><\/a><\/figure>\n\n\n\n<figure class=\"wp-block-image size-large\"><a href=\"http:\/\/preenpail-saintjoseph.fr\/wp-content\/uploads\/IMG_20230324_182011-scaled.jpg\"><img loading=\"lazy\" decoding=\"async\" width=\"1024\" height=\"766\" data-id=\"2830\" src=\"http:\/\/preenpail-saintjoseph.fr\/wp-content\/uploads\/IMG_20230324_182011-1024x766.jpg\" alt=\"\" class=\"wp-image-2830\" srcset=\"https:\/\/preenpail-saintjoseph.fr\/wp-content\/uploads\/IMG_20230324_182011-1024x766.jpg 1024w, https:\/\/preenpail-saintjoseph.fr\/wp-content\/uploads\/IMG_20230324_182011-300x224.jpg 300w, https:\/\/preenpail-saintjoseph.fr\/wp-content\/uploads\/IMG_20230324_182011-768x575.jpg 768w, https:\/\/preenpail-saintjoseph.fr\/wp-content\/uploads\/IMG_20230324_182011-1536x1149.jpg 1536w, https:\/\/preenpail-saintjoseph.fr\/wp-content\/uploads\/IMG_20230324_182011-2048x1532.jpg 2048w, https:\/\/preenpail-saintjoseph.fr\/wp-content\/uploads\/IMG_20230324_182011-1568x1173.jpg 1568w\" sizes=\"auto, (max-width: 1024px) 100vw, 1024px\" \/><\/a><\/figure>\n<\/figure>\n\n\n\n<p>Une \u00e0 deux matin\u00e9es en immersion sont possibles dans la classe maternelle avant la rentr\u00e9e.<\/p>\n\n\n\n<p>Une pr\u00e9-rentr\u00e9e des \u00e9l\u00e8ves est organis\u00e9e chaque ann\u00e9e la veille ou quelques jours avant la rentr\u00e9e. Les enfants, familles et \u00e9quipe \u00e9ducative se retrouvent apr\u00e8s la pause estivale. Les nouvelles familles peuvent venir faire la connaissance des adultes de l&#8217;\u00e9cole. Les enfants peuvent d\u00e9j\u00e0 d\u00e9poser leur cartable et fournitures pour arriver plus l\u00e9gers le jour de la rentr\u00e9e officielle. Ce temps a g\u00e9n\u00e9ralement lieu en fin de journ\u00e9e de 16h \u00e0 18h30.<\/p>\n\n\n\n<p>Les contributions scolaires vers\u00e9es par les familles servent aux investissements et au caract\u00e8re propre de l&#8217;\u00e9cole catholique. Elles s&#8217;\u00e9l\u00e8vent \u00e0 240 euros par enfant et par an (2023-2024).<\/p>\n\n\n\n<p>Une rencontre permet de pr\u00e9senter le projet d&#8217;\u00e9tablissement ainsi que de visiter les locaux. L&#8217;inscription est finalis\u00e9e par la remise du dossier et des documents compl\u00e9mentaires.<\/p>\n\n\n\n<p>Les services d&#8217;accueil p\u00e9riscolaires (matin\/soir\/garderie) ainsi que la restauration sont assur\u00e9s par la municipalit\u00e9 de Pre en Pail Saint Samson. Contact au 02 43 30 26 60 ou par mail <strong>accueil@mairie-preenpailsaintsamson.fr<\/strong><\/p>\n\n\n\n<figure class=\"wp-block-image size-large\"><a href=\"http:\/\/preenpail-saintjoseph.fr\/wp-content\/uploads\/Horaires-services-periscolaires-2022.jpg\"><img loading=\"lazy\" decoding=\"async\" width=\"1024\" height=\"390\" src=\"http:\/\/preenpail-saintjoseph.fr\/wp-content\/uploads\/Horaires-services-periscolaires-2022-1024x390.jpg\" alt=\"\" class=\"wp-image-2859\" srcset=\"https:\/\/preenpail-saintjoseph.fr\/wp-content\/uploads\/Horaires-services-periscolaires-2022-1024x390.jpg 1024w, https:\/\/preenpail-saintjoseph.fr\/wp-content\/uploads\/Horaires-services-periscolaires-2022-300x114.jpg 300w, https:\/\/preenpail-saintjoseph.fr\/wp-content\/uploads\/Horaires-services-periscolaires-2022-768x293.jpg 768w, https:\/\/preenpail-saintjoseph.fr\/wp-content\/uploads\/Horaires-services-periscolaires-2022-1536x585.jpg 1536w, https:\/\/preenpail-saintjoseph.fr\/wp-content\/uploads\/Horaires-services-periscolaires-2022-2048x780.jpg 2048w, https:\/\/preenpail-saintjoseph.fr\/wp-content\/uploads\/Horaires-services-periscolaires-2022-1568x597.jpg 1568w\" sizes=\"auto, (max-width: 1024px) 100vw, 1024px\" \/><\/a><\/figure>\n\n\n\n<p><\/p>\n","protected":false},"excerpt":{"rendered":"<p>Les inscriptions et arriv\u00e9es sont possibles tout au long de l&#8217;ann\u00e9e. Dates \u00e0 retenir : SAMEDI 3 FEVRIER 2024 de 9h30 \u00e0 12h : classe maternelle ouverte pour venir d\u00e9couvrir les locaux et rencontrer l&#8217;enseignant et l&#8217;ASEM. Pr\u00e9sence du chef d&#8217;\u00e9tablissement pour tous renseignements sur la scolarit\u00e9 jusqu&#8217;au CM2. VENDREDI 22 MARS 2024 de 16h &hellip; <\/p>\n<p class=\"link-more\"><a href=\"https:\/\/preenpail-saintjoseph.fr\/index.php\/notre-ecole\/inscription\/\" class=\"more-link\">Continuer la lecture <span class=\"screen-reader-text\"> \u00ab\u00a0Inscription\u00a0\u00bb<\/span><\/a><\/p>\n","protected":false},"author":6,"featured_media":0,"parent":6,"menu_order":1,"comment_status":"closed","ping_status":"closed","template":"","meta":{"footnotes":""},"class_list":["post-1244","page","type-page","status-publish","hentry","entry"],"_links":{"self":[{"href":"https:\/\/preenpail-saintjoseph.fr\/index.php\/wp-json\/wp\/v2\/pages\/1244","targetHints":{"allow":["GET"]}}],"collection":[{"href":"https:\/\/preenpail-saintjoseph.fr\/index.php\/wp-json\/wp\/v2\/pages"}],"about":[{"href":"https:\/\/preenpail-saintjoseph.fr\/index.php\/wp-json\/wp\/v2\/types\/page"}],"author":[{"embeddable":true,"href":"https:\/\/preenpail-saintjoseph.fr\/index.php\/wp-json\/wp\/v2\/users\/6"}],"replies":[{"embeddable":true,"href":"https:\/\/preenpail-saintjoseph.fr\/index.php\/wp-json\/wp\/v2\/comments?post=1244"}],"version-history":[{"count":13,"href":"https:\/\/preenpail-saintjoseph.fr\/index.php\/wp-json\/wp\/v2\/pages\/1244\/revisions"}],"predecessor-version":[{"id":3205,"href":"https:\/\/preenpail-saintjoseph.fr\/index.php\/wp-json\/wp\/v2\/pages\/1244\/revisions\/3205"}],"up":[{"embeddable":true,"href":"https:\/\/preenpail-saintjoseph.fr\/index.php\/wp-json\/wp\/v2\/pages\/6"}],"wp:attachment":[{"href":"https:\/\/preenpail-saintjoseph.fr\/index.php\/wp-json\/wp\/v2\/media?parent=1244"}],"curies":[{"name":"wp","href":"https:\/\/api.w.org\/{rel}","templated":true}]}}